z?
False
Let d(r) be the third derivative of r**5/30 - r**4/6 - 2*r**3/3 - r**2. Does 18 divide d(6)?
False
Let o be (56/(-12))/((-2)/63). Let x = o + -99. Is x a multiple of 24?
True
Let r(w) = -4*w**2 - 13*w - w**3 - 3 + 5 - 7*w**2 + 11. Is 11 a factor of r(-10)?
False
Suppose 5*o = 5*q + 385, 3*o - 288 + 56 = 4*q. Does 38 divide o?
True
Let w = -20 - -26. Is w even?
True
Suppose 0 = 3*j - 2*j - 35. Let g = j - 15. Suppose 2*n = -0*n + g. Is 5 a factor of n?
True
Suppose -4*l - 5 + 3 = -5*v, 3*l - 16 = -5*v. Let w be 2/4 - 21/l. Let x = -5 - w. Does 4 divide x?
False
Suppose -4*x = -3 - 13. Suppose x*d - s = 85 - 23, -5*d + 78 = -s. Is 16 a factor of d?
True
Let z(t) = 3*t**3 + t**2. Let v be z(-1). Is 33 + (v/1 - -2) a multiple of 11?
True
Suppose 35 = k + g, 4*k - 5*g + 136 = 8*k. Is 12 a factor of k?
False
Let v(h) = h**3 + 8*h**2 + 7*h - 3. Let b be v(-7). Let m = b - 2. Let n = m - -10. Is n a multiple of 5?
True
Suppose 2*j = -2*j + 4*v + 840, 5*v = j - 218. Suppose 4*d + 3*s + j = 0, 4*s = 5*d - 10*d - 260. Let h = 91 + d. Is 17 a factor of h?
False
Suppose 4*p - 9 = -3*n, 0*n + 2*n + p = 6. Let d = -2 + n. Let a = d - -2. Is 2 a factor of a?
False
Suppose 0 = -2*n - 2 + 12. Suppose 7 = 2*i - n. Does 2 divide i?
True
Let r = -7 + 12. Does 9 divide (-12 - 0)*(-6 + r)?
False
Let a(j) = -5*j**2 + 3*j + 2. Let r(z) = -z**2 + z. Let o(h) = -a(h) + 6*r(h). Let v be o(5). Let y = v + 18. Does 6 divide y?
True
Let s(k) = 13*k**2 - 3*k + 6. Let o(h) = 13*h**2 - 4*h + 7. Let v(l) = -5*o(l) + 6*s(l). Is 12 a factor of v(-1)?
True
Suppose -8 = -5*l + l + 4*k, 2*k - 6 = 0. Is ((-33)/l)/(2/(-10)) a multiple of 6?
False
Let v(h) = -2*h - 12. Let j be v(-11). Let g(z) = z**3 - 10*z**2 + z + 2. Is g(j) a multiple of 10?
False
Let k(m) = m**2 - 2*m + 48. Does 16 divide k(0)?
True
Suppose -6 = -2*y + 2. Let z(p) = 21*p**2 - 3*p. Let c be z(2). Suppose -y*w = -7*w + c. Does 13 divide w?
True
Suppose 0 = 2*f - 2 + 8. Let g = f + 11. Does 3 divide g?
False
Let j(l) be the second derivative of 0 + 1/6*l**4 + 2*l - 1/2*l**2 + 5/6*l**3. Is j(-4) a multiple of 5?
False
Let k(n) = -n**3 + 3*n + 3. Let l be k(-2). Let w(y) = 8 + 4*y**2 - l*y**2 + y - 7*y. Does 3 divide w(-6)?
False
Suppose -j - j + 207 = -t, 5*t = -4*j + 393. Is 33 a factor of j?
False
Suppose 0 = 4*h + 5*i - 45, -5*h + 35 = 3*i - i. Suppose 0 = -2*f + 3*f - 4*j - 9, -h*f = 5*j - 20. Is f a multiple of 5?
True
Suppose -2*i - 6 = a, 28 = a - 5*i - 1. Let l(p) = -2*p**2 + p**2 + 4*p + 0 + 4*p + 3. Does 19 divide l(a)?
True
Suppose 5*t + 2 - 3 = 2*f, -4 = -4*t. Let r be 84/5 - f/(-10). Let i = -11 + r. Is i even?
True
Let f(i) = -45*i - 51. Is f(-4) a multiple of 6?
False
Suppose 0 = -3*p + 15. Suppose -15 - 10 = -p*n. Does 4 divide n?
False
Suppose 4 = 4*g - 12, -848 = -2*p - 3*g. Is 19 a factor of p?
True
Suppose -4*g = -j - 14, -3*j + g + 3 - 1 = 0. Is (-72)/(-4)*j/4 a multiple of 3?
True
Let u be (-4)/(-6) - 1792/(-21). Does 15 divide u/6 + (-4)/(-6)?
True
Suppose c - 528 = -5*c. Is c a multiple of 5?
False
Let a(t) be the first derivative of t**2 + 3*t - 2. Let m be a(-2). Let n = 12 + m. Is n a multiple of 4?
False
Let q(m) = -43*m - 27. Is 9 a factor of q(-6)?
False
Let v(u) = 7*u - 2*u + 8 - 11. Suppose -4*z - s + 13 = 0, 0*z = -z - s + 7. Is v(z) a multiple of 7?
True
Let f(g) = -6*g - 3. Let b be f(-3). Suppose -4*k - b = -k. Let c(s) = -s**2 - 5*s + 4. Does 3 divide c(k)?
False
Does 15 divide 303*(10/(-45))/((-2)/6)?
False
Suppose -60 = -0*a - 2*a. Does 30 divide a?
True
Let j(a) = -26*a - 2. Suppose 2*m = -0 - 4. Is j(m) a multiple of 17?
False
Let l = -5 - -8. Suppose -l*z - 9 + 57 = 0. Is 8 a factor of z?
True
Let m be 2 - (2 - 1 - -5). Is 3 a factor of (-30)/(-4) - 2/m?
False
Is 20 a factor of 150*2/3 + -5 + 2?
False
Suppose 0 = f + 2, 5*c + 68 = -5*f + 18. Let q = -5 - c. Is q a multiple of 3?
True
Suppose 3*b = 4*n + 40, 3*b + 2*n - 10 - 24 = 0. Suppose -g + b = -11. Is g a multiple of 7?
False
Let n = 0 + 71. Is n a multiple of 11?
False
Suppose 218 = -2*w + 3*w. Is w a multiple of 41?
False
Suppose n = 25 - 1. Does 6 divide n?
True
Suppose 271 = -16*y + 1423. Is 16 a factor of y?
False
Let b = 22 + 31. Is 6 a factor of b?
False
Let o = 118 - 103. Does 7 divide o?
False
Let j(c) = c**3 - c**2 + 2. Let q be j(3). Let d = q - -19. Is d a multiple of 15?
False
Suppose 0 = -n + 4*n - 3. Suppose n = -3*p + 28. Is 9 a factor of p?
True
Let s be (1 - 4)*1/(-1). Suppose x = -3*y + 27, 2 = -s*y - 3*x + 23. Is 5 a factor of y?
True
Let r = -12 - -20. Let s(u) = -u + 10. Let y be s(r). Let k(i) = 3*i**2 - 3*i + 2. Is k(y) a multiple of 4?
True
Suppose 4*o - 20 = -8. Suppose -x + 3 = 0, 0 = 2*n - 2*x - 0*x - 16. Suppose n = o*j - 13. Is 4 a factor of j?
True
Let d(q) = 5*q**2 + 3*q + 3. Let h be d(4). Let t = 140 - h. Is 9 a factor of t?
True
Is 29 a factor of (27/(-18))/(458/232 + -2)?
True
Suppose -174 = -s - s. Let o = s - 46. Is 27 a factor of o?
False
Let w = -42 - -60. Is w a multiple of 9?
True
Suppose 1 - 6 = -2*b + 3*z, -b + 4*z = 10. Does 10 divide b?
True
Let y(g) = 2*g - 4*g - 2*g**2 - 4 - g**3 + 3*g**3 + 0*g**2. Does 13 divide y(3)?
True
Suppose 2*c - 151 = 23. Does 20 divide c?
False
Let r = -3 - 5. Let h = -3 - r. Is 4 a factor of h?
False
Is (-113)/(-5) - (-20)/50 a multiple of 13?
False
Let g be -4*3*(-26)/8. Let z = -28 + g. Does 10 divide z?
False
Let u(q) = -q**3 - 4*q**2 + 3*q + 2. Let d(v) = v**3 - 11*v**2 + 11*v - 15. Let a be d(10). Let c be (a/(-3))/(4/(-12)). Is 12 a factor of u(c)?
True
Let r(b) = b**3 - 6*b**2 - 11*b + 5. Let f be r(8). Let d be -1*(-108)/(-7 + 3). Let v = d + f. Is 9 a factor of v?
True
Let j(x) = -x**3 - 7*x**2 - 7*x - 4. Let h be j(-6). Suppose h*i - 62 = -2*n, 2*n - 95 = -3*i - 3*n. Does 15 divide i?
True
Is 16 a factor of (-334)/(-7) + (-5)/35*-2?
True
Let u = 21 + 12. Is 21 a factor of u?
False
Suppose 0 = -2*f + 1 + 7. Let x(t) = -f - 2*t**2 + 0*t**3 - t**2 - 3*t - t**3. Is x(-3) a multiple of 3?
False
Let d(s) be the second derivative of -3*s**3 - 3*s**2 - s. Let t(u) = -u - 1. Let m(c) = d(c) - 6*t(c). Is 14 a factor of m(-2)?
False
Suppose 2*o = w + 256 + 86, -506 = -3*o - 2*w. Is 3/(-9) + o/6 a multiple of 13?
False
Let j(n) be the third derivative of -n**4/3 + n**3/6 - 3*n**2. Let f be j(5). Let d = f - -59. Is 7 a factor of d?
False
Let x = -23 - -115. Let b be 6/4*x/3. Let l = b + -28. Is 9 a factor of l?
True
Let v = 5 - 0. Suppose 0*z - 65 = -v*z. Is z a multiple of 10?
False
Let y(z) = z - 4. Let n be y(4). Let g(u) = 0*u - u + 2*u - u**2 + 2. Is g(n) a multiple of 2?
True
Is 19 a factor of (-122)/(-6) - (-52)/(-39)?
True
Suppose -27 = -3*a + 18. Let q(s) = -s**2 - 6*s + 2. Let i be q(-6). Suppose -i*p + a = p. Is p a multiple of 5?
True
Suppose -d + 96 = -123. Is d a multiple of 27?
False
Let d = 354 + -180. Suppose -3*y + d = 3*y. Does 29 divide y?
True
Suppose 5*z + 30 = -2*r + r, -5*r - 15 = -2*z. Let i be r*(-2)/(-20)*4. Is 36/8 + i/4 a multiple of 2?
True
Suppose 1397 = -14*a + 7585. Is 26 a factor of a?
True
Let u be (-6)/27 + 479/9. Suppose -3*x + u = 5*n, 4*x - 55 = -3*n + 1. Is x a multiple of 7?
False
Let j(i) = -4*i - i + 3*i. Let m be j(1). Is 4 a factor of 3 + (7 - m) + -2?
False
Let b(j) = 5*j - 2. Is b(10) a multiple of 13?
False
Let o = -439 + 624. Let r = o - 99. Is 24 a factor of r?
False
Let u(j) = j**2 - 3. Is 4 a factor of u(-4)?
False
Let z(f) = -f**3 - 3*f**2 - 3*f - 4. Let n be z(-3). Suppose -651 = -n*b - 1. Suppose 2*j - b = -5*q, j + 33 = 2*q - 2*j. Is q a multiple of 12?
True
Is (-36)/(-63) + (-440)/(-14) a multiple of 16?
True
Suppose -12*l = -14*l + 20. Suppose -s + 2*s - 18 = 0. Let u = s - l. Is 4 a factor of u?
True
Suppose 5*c - 6*c + 50 = 0. Is 14 a factor of (c/(-3))/((-1)/3)?
False
Let o(m) = -m**3 + 7*m**2 - 4*m - 8. Let p be o(6). Does 3 divide ((-2)/p)/((-2)/16)?
False
Suppose 2*u = 2*j - 2 - 4, 4*u = -5*j - 12. Suppose -2*s - s - 60 = j. Let v = 49 + s. Does 13 divide v?
False
Let i(a) = -a + 3. Let d be i(-7). Suppose 7*o - d = 2*o. Does 2 divide o?
True
Let d(m) = -15*m + 2. Let t be d(4). Let j be 14*(2 - 0 - -4). Let a = j + t. Is 10 a factor of a?
False
Let l = 14 - -54. Is 8 a factor of l?
False
Let f = 5 + -3. Suppose -3*o + f*a = -54 - 85, -4*a = -4*o + 188. Does 15 divide o?
T